{"id":2094,"date":"2024-10-20T18:42:44","date_gmt":"2024-10-20T16:42:44","guid":{"rendered":"https:\/\/bijouxkabyles.fr\/?post_type=product&#038;p=2094"},"modified":"2025-01-11T21:49:24","modified_gmt":"2025-01-11T20:49:24","slug":"bijoux-kabyles","status":"publish","type":"product","link":"https:\/\/bijouxkabyles.fr\/?product=bijoux-kabyles","title":{"rendered":"Parure En Argent"},"content":{"rendered":"<p><strong>\u2728 Parure Kabyle en Argent et Corail Rouge Authentique \u2728<\/strong><\/p>\n<p>Laissez-vous s\u00e9duire par cette<span style=\"color: #ff0000;\"> parure kabyle unique<\/span>, en argent fin et <span style=\"color: #ff0000;\">corail rouge v\u00e9ritable<\/span>. Compos\u00e9e d\u2019un <span style=\"color: #0000ff;\">collier<\/span>, <span style=\"color: #0000ff;\">bracelet<\/span>, <span style=\"color: #0000ff;\">boucles d&rsquo;oreilles<\/span> et <span style=\"color: #0000ff;\">bague<\/span>, cette parure est le choix parfait pour un look authentique et moderne. \ud83d\ude0d\ud83d\udc8d<\/p>\n<p>\ud83d\udd34 <strong>Corail Rouge Authentique<\/strong> : Un \u00e9clat de vitalit\u00e9 et de protection \ud83d\udcaa\u2764\ufe0f<br \/>\n\ud83d\udc8e <strong>Argent Finement Grav\u00e9<\/strong> : Des d\u00e9tails \u00e9l\u00e9gants et soign\u00e9s pour un bijou incomparable \ud83d\ude0c\u2728<br \/>\n\ud83d\udd25 <strong>Ensemble Tendance et Incontournable<\/strong> : Attirez les regards et faites sensation \u00e0 chaque occasion \ud83e\udd29\ud83c\udf1f<\/p>\n<p>Sublimez votre style avec cet ensemble kabyle intemporel, qui allie tradition et raffinement. Cette parure fera de vous la reine de toutes les occasions \ud83d\udc51\ud83c\udf39<\/p>\n","protected":false},"excerpt":{"rendered":"<p>\u2728 Parure Kabyle en Argent et Corail Rouge Authentique \u2728 Laissez-vous s\u00e9duire par cette parure kabyle unique, en argent fin et corail rouge v\u00e9ritable. Compos\u00e9e d\u2019un collier, bracelet, boucles d&rsquo;oreilles et bague, cette parure est le choix parfait pour un look authentique et moderne. \ud83d\ude0d\ud83d\udc8d \ud83d\udd34 Corail Rouge Authentique : Un \u00e9clat de vitalit\u00e9 et [&hellip;]<\/p>\n","protected":false},"featured_media":2355,"comment_status":"closed","ping_status":"closed","template":"","meta":{"ocean_post_layout":"","ocean_both_sidebars_style":"","ocean_both_sidebars_content_width":0,"ocean_both_sidebars_sidebars_width":0,"ocean_sidebar":"0","ocean_second_sidebar":"0","ocean_disable_margins":"enable","ocean_add_body_class":"","ocean_shortcode_before_top_bar":"","ocean_shortcode_after_top_bar":"","ocean_shortcode_before_header":"","ocean_shortcode_after_header":"","ocean_has_shortcode":"","ocean_shortcode_after_title":"","ocean_shortcode_before_footer_widgets":"","ocean_shortcode_after_footer_widgets":"","ocean_shortcode_before_footer_bottom":"","ocean_shortcode_after_footer_bottom":"","ocean_display_top_bar":"default","ocean_display_header":"default","ocean_header_style":"","ocean_center_header_left_menu":"0","ocean_custom_header_template":"0","ocean_custom_logo":0,"ocean_custom_retina_logo":0,"ocean_custom_logo_max_width":0,"ocean_custom_logo_tablet_max_width":0,"ocean_custom_logo_mobile_max_width":0,"ocean_custom_logo_max_height":0,"ocean_custom_logo_tablet_max_height":0,"ocean_custom_logo_mobile_max_height":0,"ocean_header_custom_menu":"0","ocean_menu_typo_font_family":"0","ocean_menu_typo_font_subset":"","ocean_menu_typo_font_size":0,"ocean_menu_typo_font_size_tablet":0,"ocean_menu_typo_font_size_mobile":0,"ocean_menu_typo_font_size_unit":"px","ocean_menu_typo_font_weight":"","ocean_menu_typo_font_weight_tablet":"","ocean_menu_typo_font_weight_mobile":"","ocean_menu_typo_transform":"","ocean_menu_typo_transform_tablet":"","ocean_menu_typo_transform_mobile":"","ocean_menu_typo_line_height":0,"ocean_menu_typo_line_height_tablet":0,"ocean_menu_typo_line_height_mobile":0,"ocean_menu_typo_line_height_unit":"","ocean_menu_typo_spacing":0,"ocean_menu_typo_spacing_tablet":0,"ocean_menu_typo_spacing_mobile":0,"ocean_menu_typo_spacing_unit":"","ocean_menu_link_color":"","ocean_menu_link_color_hover":"","ocean_menu_link_color_active":"","ocean_menu_link_background":"","ocean_menu_link_hover_background":"","ocean_menu_link_active_background":"","ocean_menu_social_links_bg":"","ocean_menu_social_hover_links_bg":"","ocean_menu_social_links_color":"","ocean_menu_social_hover_links_color":"","ocean_disable_title":"default","ocean_disable_heading":"default","ocean_post_title":"","ocean_post_subheading":"","ocean_post_title_style":"","ocean_post_title_background_color":"","ocean_post_title_background":0,"ocean_post_title_bg_image_position":"","ocean_post_title_bg_image_attachment":"","ocean_post_title_bg_image_repeat":"","ocean_post_title_bg_image_size":"","ocean_post_title_height":0,"ocean_post_title_bg_overlay":0.5,"ocean_post_title_bg_overlay_color":"","ocean_disable_breadcrumbs":"default","ocean_breadcrumbs_color":"","ocean_breadcrumbs_separator_color":"","ocean_breadcrumbs_links_color":"","ocean_breadcrumbs_links_hover_color":"","ocean_display_footer_widgets":"default","ocean_display_footer_bottom":"default","ocean_custom_footer_template":"0"},"product_brand":[],"product_cat":[76],"product_tag":[],"class_list":{"0":"post-2094","1":"product","2":"type-product","3":"status-publish","4":"has-post-thumbnail","6":"product_cat-bijoux","8":"entry","9":"has-media","11":"first","12":"outofstock","13":"taxable","14":"shipping-taxable","15":"purchasable","16":"product-type-simple","17":"has-product-nav","18":"col","19":"span_1_of_3","20":"owp-content-center","21":"owp-thumbs-layout-horizontal","22":"owp-btn-normal","23":"owp-tabs-layout-horizontal","25":"circle-sale"},"_links":{"self":[{"href":"https:\/\/bijouxkabyles.fr\/index.php?rest_route=\/wp\/v2\/product\/2094"}],"collection":[{"href":"https:\/\/bijouxkabyles.fr\/index.php?rest_route=\/wp\/v2\/product"}],"about":[{"href":"https:\/\/bijouxkabyles.fr\/index.php?rest_route=\/wp\/v2\/types\/product"}],"replies":[{"embeddable":true,"href":"https:\/\/bijouxkabyles.fr\/index.php?rest_route=%2Fwp%2Fv2%2Fcomments&post=2094"}],"wp:featuredmedia":[{"embeddable":true,"href":"https:\/\/bijouxkabyles.fr\/index.php?rest_route=\/wp\/v2\/media\/2355"}],"wp:attachment":[{"href":"https:\/\/bijouxkabyles.fr\/index.php?rest_route=%2Fwp%2Fv2%2Fmedia&parent=2094"}],"wp:term":[{"taxonomy":"product_brand","embeddable":true,"href":"https:\/\/bijouxkabyles.fr\/index.php?rest_route=%2Fwp%2Fv2%2Fproduct_brand&post=2094"},{"taxonomy":"product_cat","embeddable":true,"href":"https:\/\/bijouxkabyles.fr\/index.php?rest_route=%2Fwp%2Fv2%2Fproduct_cat&post=2094"},{"taxonomy":"product_tag","embeddable":true,"href":"https:\/\/bijouxkabyles.fr\/index.php?rest_route=%2Fwp%2Fv2%2Fproduct_tag&post=2094"}],"curies":[{"name":"wp","href":"https:\/\/api.w.org\/{rel}","templated":true}]}}